{"id":2,"date":"2011-10-31T23:34:53","date_gmt":"2011-10-31T23:34:53","guid":{"rendered":"http:\/\/www.jeuxmariogratuits.fr\/mario\/?page_id=2"},"modified":"2020-04-13T12:45:28","modified_gmt":"2020-04-13T12:45:28","slug":"contact","status":"publish","type":"page","link":"https:\/\/www.jeuxmariogratuits.fr\/mario\/contact","title":{"rendered":"Contactez-nous"},"content":{"rendered":"<p>Pour contacter l&rsquo;\u00e9quipe de <a href=\"https:\/\/www.jeuxmariogratuits.fr\">https:\/\/www.jeuxmariogratuits.fr<\/a>, vous pouvez utiliser le formulaire de contact ci-joint :<\/p>\n\n<div class=\"wpcf7 no-js\" id=\"wpcf7-f283-o1\" lang=\"fr-FR\" dir=\"ltr\">\n<div class=\"screen-reader-response\"><p role=\"status\" aria-live=\"polite\" aria-atomic=\"true\"><\/p> <ul><\/ul><\/div>\n<form action=\"\/mario\/wp-json\/wp\/v2\/pages\/2#wpcf7-f283-o1\" method=\"post\" class=\"wpcf7-form init\" aria-label=\"Formulaire de contact\" novalidate=\"novalidate\" data-status=\"init\">\n<div style=\"display: none;\">\n<input type=\"hidden\" name=\"_wpcf7\" value=\"283\" \/>\n<input type=\"hidden\" name=\"_wpcf7_version\" value=\"5.8.7\" \/>\n<input type=\"hidden\" name=\"_wpcf7_locale\" value=\"fr_FR\" \/>\n<input type=\"hidden\" name=\"_wpcf7_unit_tag\" value=\"wpcf7-f283-o1\" \/>\n<input type=\"hidden\" name=\"_wpcf7_container_post\" value=\"0\" \/>\n<input type=\"hidden\" name=\"_wpcf7_posted_data_hash\" value=\"\" \/>\n<input type=\"hidden\" name=\"_wpcf7_recaptcha_response\" value=\"\" \/>\n<\/div>\n<p><label> Votre nom (obligatoire)<br \/>\n<span class=\"wpcf7-form-control-wrap\" data-name=\"your-name\"><input size=\"40\" class=\"wpcf7-form-control wpcf7-text wpcf7-validates-as-required\" aria-required=\"true\" aria-invalid=\"false\" value=\"\" type=\"text\" name=\"your-name\" \/><\/span> <\/label>\n<\/p>\n<p><label> Votre adresse de messagerie (obligatoire)<br \/>\n<span class=\"wpcf7-form-control-wrap\" data-name=\"your-email\"><input size=\"40\" class=\"wpcf7-form-control wpcf7-email wpcf7-validates-as-required wpcf7-text wpcf7-validates-as-email\" aria-required=\"true\" aria-invalid=\"false\" value=\"\" type=\"email\" name=\"your-email\" \/><\/span> <\/label>\n<\/p>\n<p><label> Objet<br \/>\n<span class=\"wpcf7-form-control-wrap\" data-name=\"your-subject\"><input size=\"40\" class=\"wpcf7-form-control wpcf7-text\" aria-invalid=\"false\" value=\"\" type=\"text\" name=\"your-subject\" \/><\/span> <\/label>\n<\/p>\n<p><label> Votre message<br \/>\n<span class=\"wpcf7-form-control-wrap\" data-name=\"your-message\"><textarea cols=\"40\" rows=\"10\" class=\"wpcf7-form-control wpcf7-textarea\" aria-invalid=\"false\" name=\"your-message\"><\/textarea><\/span> <\/label>\n<\/p>\n<p><input class=\"wpcf7-form-control wpcf7-submit has-spinner\" type=\"submit\" value=\"Envoyer\" \/>\n<\/p><div class=\"wpcf7-response-output\" aria-hidden=\"true\"><\/div>\n<\/form>\n<\/div>\n\n\n\n<p><\/p>\n","protected":false},"excerpt":{"rendered":"<p>Pour contacter l&rsquo;\u00e9quipe de https:\/\/www.jeuxmariogratuits.fr, vous pouvez utiliser le formulaire de contact ci-joint :<\/p>\n","protected":false},"author":1,"featured_media":0,"parent":0,"menu_order":0,"comment_status":"open","ping_status":"open","template":"","meta":[],"yoast_head":"<!-- This site is optimized with the Yoast SEO plugin v21.8.1 - https:\/\/yoast.com\/wordpress\/plugins\/seo\/ -->\n<title>Contactez-nous - Le Blog des Jeux de Mario<\/title>\n<meta name=\"robots\" content=\"index, follow, max-snippet:-1, max-image-preview:large, max-video-preview:-1\" \/>\n<link rel=\"canonical\" href=\"https:\/\/www.jeuxmariogratuits.fr\/mario\/contact\" \/>\n<script type=\"application\/ld+json\" class=\"yoast-schema-graph\">{\"@context\":\"https:\/\/schema.org\",\"@graph\":[{\"@type\":\"WebPage\",\"@id\":\"https:\/\/www.jeuxmariogratuits.fr\/mario\/contact\",\"url\":\"https:\/\/www.jeuxmariogratuits.fr\/mario\/contact\",\"name\":\"Contactez-nous - Le Blog des Jeux de Mario\",\"isPartOf\":{\"@id\":\"https:\/\/www.jeuxmariogratuits.fr\/mario\/#website\"},\"datePublished\":\"2011-10-31T23:34:53+00:00\",\"dateModified\":\"2020-04-13T12:45:28+00:00\",\"inLanguage\":\"fr-FR\",\"potentialAction\":[{\"@type\":\"ReadAction\",\"target\":[\"https:\/\/www.jeuxmariogratuits.fr\/mario\/contact\"]}]},{\"@type\":\"WebSite\",\"@id\":\"https:\/\/www.jeuxmariogratuits.fr\/mario\/#website\",\"url\":\"https:\/\/www.jeuxmariogratuits.fr\/mario\/\",\"name\":\"Le Blog des Jeux de Mario\",\"description\":\"Toute l&#039;actualit\u00e9 sur votre site de jeux pr\u00e9f\u00e9r\u00e9 !\",\"potentialAction\":[{\"@type\":\"SearchAction\",\"target\":{\"@type\":\"EntryPoint\",\"urlTemplate\":\"https:\/\/www.jeuxmariogratuits.fr\/mario\/?s={search_term_string}\"},\"query-input\":\"required name=search_term_string\"}],\"inLanguage\":\"fr-FR\"}]}<\/script>\n<!-- \/ Yoast SEO plugin. -->","yoast_head_json":{"title":"Contactez-nous - Le Blog des Jeux de Mario","robots":{"index":"index","follow":"follow","max-snippet":"max-snippet:-1","max-image-preview":"max-image-preview:large","max-video-preview":"max-video-preview:-1"},"canonical":"https:\/\/www.jeuxmariogratuits.fr\/mario\/contact","schema":{"@context":"https:\/\/schema.org","@graph":[{"@type":"WebPage","@id":"https:\/\/www.jeuxmariogratuits.fr\/mario\/contact","url":"https:\/\/www.jeuxmariogratuits.fr\/mario\/contact","name":"Contactez-nous - Le Blog des Jeux de Mario","isPartOf":{"@id":"https:\/\/www.jeuxmariogratuits.fr\/mario\/#website"},"datePublished":"2011-10-31T23:34:53+00:00","dateModified":"2020-04-13T12:45:28+00:00","inLanguage":"fr-FR","potentialAction":[{"@type":"ReadAction","target":["https:\/\/www.jeuxmariogratuits.fr\/mario\/contact"]}]},{"@type":"WebSite","@id":"https:\/\/www.jeuxmariogratuits.fr\/mario\/#website","url":"https:\/\/www.jeuxmariogratuits.fr\/mario\/","name":"Le Blog des Jeux de Mario","description":"Toute l&#039;actualit\u00e9 sur votre site de jeux pr\u00e9f\u00e9r\u00e9 !","potentialAction":[{"@type":"SearchAction","target":{"@type":"EntryPoint","urlTemplate":"https:\/\/www.jeuxmariogratuits.fr\/mario\/?s={search_term_string}"},"query-input":"required name=search_term_string"}],"inLanguage":"fr-FR"}]}},"_links":{"self":[{"href":"https:\/\/www.jeuxmariogratuits.fr\/mario\/wp-json\/wp\/v2\/pages\/2"}],"collection":[{"href":"https:\/\/www.jeuxmariogratuits.fr\/mario\/wp-json\/wp\/v2\/pages"}],"about":[{"href":"https:\/\/www.jeuxmariogratuits.fr\/mario\/wp-json\/wp\/v2\/types\/page"}],"author":[{"embeddable":true,"href":"https:\/\/www.jeuxmariogratuits.fr\/mario\/wp-json\/wp\/v2\/users\/1"}],"replies":[{"embeddable":true,"href":"https:\/\/www.jeuxmariogratuits.fr\/mario\/wp-json\/wp\/v2\/comments?post=2"}],"version-history":[{"count":5,"href":"https:\/\/www.jeuxmariogratuits.fr\/mario\/wp-json\/wp\/v2\/pages\/2\/revisions"}],"predecessor-version":[{"id":285,"href":"https:\/\/www.jeuxmariogratuits.fr\/mario\/wp-json\/wp\/v2\/pages\/2\/revisions\/285"}],"wp:attachment":[{"href":"https:\/\/www.jeuxmariogratuits.fr\/mario\/wp-json\/wp\/v2\/media?parent=2"}],"curies":[{"name":"wp","href":"https:\/\/api.w.org\/{rel}","templated":true}]}}